 factor of 5 and 8905?
5
What is the highest common divisor of 72449 and 26?
13
What is the greatest common factor of 12420 and 400?
20
Calculate the highest common factor of 30374 and 34.
2
Calculate the highest common factor of 10 and 776.
2
Calculate the highest common divisor of 11 and 1621411.
11
Calculate the highest common divisor of 144742 and 893.
19
Calculate the highest common factor of 19 and 1380274.
19
Calculate the highest common divisor of 17370 and 2010.
30
What is the greatest common divisor of 11346 and 64?
2
What is the greatest common factor of 23568 and 864?
48
What is the highest common factor of 230 and 59350?
10
Calculate the highest common divisor of 43360 and 172085.
1355
Calculate the highest common divisor of 226905 and 2275.
35
Calculate the greatest common divisor of 232 and 3592.
8
Calculate the highest common factor of 1716 and 99.
33
What is the highest common divisor of 7505 and 2660?
95
What is the greatest common factor of 391016 and 888?
296
What is the highest common factor of 261855 and 6930?
495
Calculate the greatest common factor of 22579 and 19883.
337
What is the greatest common divisor of 899 and 1450?
29
Calculate the highest common divisor of 1470 and 758730.
210
What is the highest common factor of 31 and 351106?
31
What is the highest common divisor of 31004 and 6?
2
Calculate the greatest common divisor of 700 and 138404.
28
What is the highest common factor of 12 and 3083070?
6
What is the highest common factor of 572171 and 46?
23
Calculate the greatest common divisor of 14576 and 6377.
911
Calculate the greatest common factor of 930 and 50406.
186
Calculate the greatest common divisor of 82852 and 28.
28
What is the highest common factor of 287 and 144853?
41
Calculate the highest common divisor of 420 and 1094880.
60
What is the greatest common factor of 118884 and 24?
12
Calculate the greatest common divisor of 434964 and 144.
12
Calculate the highest common divisor of 522 and 85956.
174
Calculate the highest common divisor of 180 and 368360.
20
Calculate the greatest common factor of 544 and 263776.
32
What is the greatest common factor of 2200 and 127160?
440
What is the highest common divisor of 1194 and 415114?
398
Calculate the greatest common divisor of 6 and 91542.
6
Calculate the highest common divisor of 1695 and 210.
15
Calculate the highest common divisor of 36024 and 432.
24
What is the highest common divisor of 1688 and 278731?
211
What is the greatest common factor of 1338270 and 465?
465
What is the greatest common factor of 1879366 and 548?
274
Calculate the highest common divisor of 149130 and 18.
18
What is the greatest common divisor of 13176 and 25498?
122
What is the greatest common factor of 271404 and 15120?
756
What is the greatest common divisor of 34 and 60911?
17
What is the highest common divisor of 9288 and 1118?
86
What is the highest common factor of 8642 and 7450?
298
Calculate the greatest common divisor of 9 and 1166538.
3
What is the highest common divisor of 64 and 2814?
2
Calculate the greatest common factor of 2080 and 5480.
40
What is the greatest common divisor of 2850 and 330?
30
Calculate the highest common divisor of 87295 and 1625.
65
What is the highest common divisor of 500 and 26900?
100
Calculate the highest common divisor of 160 and 1576.
8
What is the greatest common divisor of 39 and 44096?
13
Calculate the highest common divisor of 2236 and 3991.
13
What is the greatest common divisor of 65 and 127153?
13
Calculate the greatest common divisor of 10062 and 26286.
78
What is the highest common divisor of 307921 and 7021?
1003
What is the greatest common divisor of 299620 and 45440?
1420
What is the greatest common factor of 70389 and 474?
237
What is the greatest common factor of 2002 and 4928?
154
What is the greatest common factor of 22916 and 408?
68
Calculate the greatest common divisor of 26106 and 1083.
57
What is the highest common divisor of 2808 and 3204?
36
Calculate the greatest common divisor of 231 and 28941.
33
Calculate the highest common divisor of 602 and 2114.
14
What is the highest common divisor of 12010 and 190?
10
Calculate the highest common factor of 2366 and 528294.
338
Calculate the highest common factor of 28096 and 448.
64
What is the highest common factor of 119082 and 42720?
534
Calculate the greatest common factor of 10477304 and 656.
328
What is the highest common factor of 36757 and 712?
89
What is the greatest common factor of 17 and 87?
1
Calculate the greatest common divisor of 14856 and 3200.
8
What is the greatest common factor of 5085 and 3285?
45
What is the greatest common factor of 592 and 7474?
74
What is the highest common divisor of 1054 and 9248?
34
Calculate the highest common factor of 41 and 35383.
41
What is the highest common divisor of 1258 and 8066?
74
What is the highest common divisor of 2941 and 6375?
17
What is the highest common factor of 56427 and 189?
21
Calculate the highest common factor of 221368 and 25192.
536
Calculate the greatest common divisor of 434 and 17422.
62
Calculate the greatest common divisor of 7594 and 44.
2
Calculate the greatest common divisor of 464 and 1943.
29
What is the highest common divisor of 132554 and 8977?
191
Calculate the highest common divisor of 404 and 1123928.
404
What is the highest common divisor of 15 and 4418025?
15
What is the greatest common factor of 8990 and 21545?
155
What is the greatest common divisor of 1 and 599?
1
What is the greatest common divisor of 2086254 and 18?
18
What is the highest common factor of 1924195 and 91?
91
What is the greatest common factor of 338 and 2219984?
338
What is the greatest common factor of 88280 and 80?
40
Calculate the greatest common divisor of 55115 and 2416.
151
What is the greatest common factor of 28256 and 1808?
16
What is the highest common factor of 27408 and 48?
48
What is the greatest common divisor of 31696 and 16352?
112
What is the highest common factor of 2608 and 144?
16
What is the highest common divisor of 7730 and 110?
10
Calculate the greatest common divisor of 11502 and 710.
142
Calculate the highest common divisor of 8755 and 119.
17
What is the highest common factor of 25461 and 3197?
23
What is the highest common factor of 54588 and 348?
12
What is the greatest common factor of 188 and 2604364?
188
Calculate the greatest common factor of 105835 and 1220.
305
What is the greatest common factor of 514 and 2154688?
514
What is the greatest common divisor of 2672526 and 1266?
1266
Calculate the highest common divisor of 288 and 2409552.
144
Calculate the highest common factor of 3960 and 18720.
360
Calculate the highest common factor of 60010 and 34.
34
Calculate the greatest common factor of 1928542 and 2156.
1078
Calculate the greatest common divisor of 736 and 6762.
46
What is the greatest common factor of 68 and 51?
17
What is the highest common divisor of 7189183 and 167?
167
Calculate the greatest common divisor of 66 and 3778830.
66
Calculate the greatest common factor of 41847 and 1221.
111
Calculate the highest common factor of 7280 and 49868.
364
Calculate the greatest common factor of 728 and 8424.
104
Calculate the highest common divisor of 207178 and 284.
142
What is the highest common divisor of 52 and 276?
4
What is the highest common divisor of 452 and 884?
4
Calculate the greatest common factor of 153819 and 15.
3
What is the highest common divisor of 59556 and 336?
84
Calculate the greatest common divisor of 58165 and 5.
5
Calculate the highest common factor of 995 and 205.
5
What is the highest common factor of 50 and 1301420?
10
What is the greatest common factor of 92833 and 148?
37
Calculate the greatest common factor of 10548 and 180.
36
Calculate the greatest common divisor of 350 and 75530.
70
Calculate the highest common factor of 44974 and 5650.
226
Calculate the greatest common factor of 87 and 22852.
29
What is the greatest common divisor of 364419 and 54?
27
What is the greatest common divisor of 3551232 and 2304?
768
What is the greatest common divisor of 840 and 540?
60
Calculate the greatest common factor of 514 and 47545.
257
Calculate the highest common divisor of 221 and 38539.
17
What is the greatest common factor of 252653 and 73?
73
Wh